/(-8))*0. Suppose 0 = -s*a + 5*a - 660. Let x(t) = t**3 - 19*t**2 + 17*t + 29. Let o be x(18). Calculate the highest common factor of a and o.
11
Suppose 96*w - 140*w = -78*w + 6052. Calculate the highest common divisor of 5963 and w.
89
Let i = 1201 + -1071. Let l be (-4)/8*(-3 - 17). Calculate the greatest common divisor of i and l.
10
Let z = 61 + -33. Let q(y) be the first derivative of -y**2 + 40*y + 9. Let n be q(18). Calculate the highest common divisor of z and n.
4
Let s be 783/(-29)*(-3)/(9/28). What is the greatest common divisor of s and 324?
36
Let k be -5 - (-539)/42 - (-4)/24. Suppose 0 = 9*y + k*y - 1071. Calculate the highest common divisor of y and 84.
21
Suppose -14*l + 806 = 3*v - 10*l, v - 272 = 2*l. What is the greatest common factor of 55 and v?
5
Suppose 0 = 2*d - d - 4*j - 40, 4*j + 16 = 0. Calculate the greatest common divisor of 88 and d.
8
Let c = -7228 + 7257. Suppose 0 = -f - 3*q + 18 + 113, 3*q = 2*f - 271. Suppose -649 = -3*s + f. Calculate the greatest common divisor of s and c.
29
Suppose -11400 = -41*g - 9*g. What is the highest common divisor of g and 627?
57
Suppose 4*n + 5*s - 90 = 0, 0 = -4*s - 14 - 10. What is the greatest common divisor of 26850 and n?
30
Let v = 132 + -22. Suppose -397*d = -385*d - 1056. Calculate the highest common divisor of v and d.
22
Suppose -3*b = -7*b + 288. What is the greatest common factor of 8 and b?
8
Suppose 5*k - 68 = -5*l + 72, 0 = -4*l - 5*k + 116. Suppose 0 = -13*t + 11*t + l. Calculate the highest common divisor of t and 36.
12
Suppose 59*r + 28 = 61*r. Suppose 2 = 3*f + r. Let d be (0 + 20)*(22/f + 6). What is the highest common divisor of d and 80?
10
Suppose -266 = 5*b - 12*b. Let f = 75 - b. Suppose f*u - 110 = 32*u. What is the highest common divisor of 242 and u?
22
Let r be 8932/580 + 3/5. Suppose -5*i = 4*v - 712, 4*i - 725 = 5*v - 139. What is the greatest common factor of i and r?
16
Let w be 126/15*((-10)/(-7))/((-40)/(-120)). What is the highest common factor of w and 19212?
12
Let d(g) = 2*g**2 - 4*g - 13. Let f be d(8). Suppose -b = -2*y + 3*y - f, -409 = -5*y - 2*b. Calculate the greatest common factor of 3 and y.
3
Let u be 4/(-4)*-33 - (1 - -1). Suppose -2*s + 5*p + 273 = 0, 3*s - 2*p - 347 = -7*p. What is the highest common divisor of s and u?
31
Suppose 4*u - 3*x - 7 = 9*u, 2*x + 8 = 0. Let g be ((-27)/6)/9*(-64)/u. What is the greatest common divisor of g and 40?
8
Let d(w) = 3*w**3 - 86*w**2 + 2*w + 32. Let x be d(29). What is the highest common divisor of x and 1064?
133
Let y(d) = 941*d + 93. Let v be y(1). Calculate the greatest common divisor of v and 22.
22
Suppose -334*z + 171*z = -140*z - 17595. What is the greatest common factor of 315 and z?
45
Let p = -17983 + 24820. What is the greatest common divisor of 636 and p?
159
Let q(m) = -2*m**3 + 14*m**2 + 22*m - 7. Let a be q(-8). What is the highest common divisor of 18 and a?
9
Let a(m) = -m**3 - 5*m**2 + 4*m + 3. Let v be a(-6). Let c = v - 19. Let o be (c*(-2)/(-4))/2*-3. What is the highest common divisor of o and 9?
3
Suppose 2*u - 58 = -18. Suppose -3*m + s = -94, -2*m - 2*s = -84 + 8. Let r = -28 + m. Calculate the highest common divisor of u and r.
5
Let r(c) = 891*c**2 - 2. Let l be r(-1). Let s = l + -570. What is the greatest common divisor of 58 and s?
29
Suppose 33 = 4*c - 5*h, 2*c + 5*h - 7 - 32 = 0. Let j = 234 + -102. Calculate the greatest common factor of c and j.
12
Suppose 1 = -j + 613. Suppose -3*s + 5*s - 4*m = j, 618 = 2*s - 2*m. What is the highest common divisor of 39 and s?
39
Suppose -21*n - 5*n + 13*n = -195. Suppose 0 = -4*u - 2*c + 345 - 85, 195 = 3*u + 4*c. What is the highest common divisor of n and u?
5
Suppose 30*n - 47 = 28*n - 5*b, 0 = 5*n + 2*b - 86. Let o be (18/(-15))/(3/(-200)). What is the highest common factor of o and n?
16
Let v = 37 - 21. Let p be 0 + 77 - (-9 + 7). Let m = -63 + p. Calculate the highest common factor of v and m.
16
Let u = -676 - -549. Let z = -111 - u. Calculate the greatest common factor of 26 and z.
2
Let p = 16143 + -15981. Calculate the greatest common divisor of 2511 and p.
81
Suppose 4*v - 200 = 120. Let d = 45 - 35. What is the highest common divisor of d and v?
10
Let s(c) = 284*c - 2700. Let q be s(10). What is the highest common divisor of 6020 and q?
140
Suppose 0 = -3*n + 18, 203*w - 4*n + 174 = 206*w. What is the highest common divisor of 4475 and w?
25
Suppose -2*n - 1690 = -5*f, n + 5*f = -n - 1670. Let p be ((-10)/35)/(8/n). Calculate the greatest common divisor of p and 33.
3
Let k(u) = -u - 15. Let y be k(-19). Suppose 0 = -y*w + 8*t + 12, 0*t - 5 = -t. Let s = 186 + -69. Calculate the greatest common divisor of s and w.
13
Suppose t - 34 = -3*y, -84 = -2*t - 739*y + 741*y. Calculate the highest common factor of 30 and t.
10
Suppose -4*z - 2*z = -210. Let n = -108 + z. Let t = 113 + n. Calculate the greatest common factor of t and 60.
20
Suppose -3*g + 33 = 3*k, 4*g - 18 = -3*k + 27. Let s be (1 - (44 + 1))*(-6)/g. What is the greatest common divisor of 22 and s?
22
Let b be 3 + 1 - (-50 - 1). Suppose -1502 = -10*l - 362. Suppose 4*z + 26 - l = 0. Calculate the highest common divisor of b and z.
11
Let j(d) = -29*d**2 + 13*d + 5. Let f(p) = 14*p**2 - 6*p - 3. Let h(i) = 5*f(i) + 2*j(i). Let t be h(-1). Calculate the highest common divisor of 11 and t.
11
Let s(i) = i**3 - 18*i**2 + i - 16. Let a be s(18). Let w be (-1 + 382/a)*6/12. What is the greatest common divisor of 38 and w?
19
Suppose -25*i = -29*i - 320. Let c = -40 - i. Let f(t) = -t**3 - 6*t**2 - 2*t + 8. Let y be f(-6). What is the highest common factor of c and y?
20
Let y = -7098 - -8218. What is the greatest common divisor of 120 and y?
40
Let l be 23*266/(-56)*-88. Calculate the highest common factor of l and 2926.
418
Let i = 414 + -410. Calculate the highest common factor of 45 and i.
1
Suppose 4*u - 37 = 27. Let k be 6 + 2*(-1 - 0). Suppose p - 8 + 74 = k*i, 4*p = -4*i + 56. Calculate the greatest common divisor of i and u.
16
Let x(z) = z**2 + 56*z + 445. Let v be x(-47). Suppose -2*n + 0*n + 176 = 0. What is the highest common factor of v and n?
22
Let q(r) = -r**2 + 21*r - 5. Let s be q(20). Let x = s - 1. What is the greatest common factor of 105 and x?
7
Let v = 44 + -39. Suppose v*i = -w - w + 187, -9 = -3*i. Suppose 4*a = -2*s + a + 78, -2*s = -a - w. Calculate the highest common divisor of 6 and s.
6
Suppose -3*y = -4*t + 450, -11*t + 12*t - 5*y - 104 = 0. Suppose 0 = -2*x - 4*g + 40, -x + 2*g = 5*g - 18. What is the highest common factor of t and x?
6
Let g = -3974 + 4532. What is the highest common factor of 1488 and g?
186
Let n(l) = 12*l. Let p(c) = 119*c. Let j(d) = -49*n(d) + 5*p(d). Let y = -3443 + 3446. Let r be j(y). Calculate the highest common factor of 3 and r.
3
Let o = 2510 - 1050. What is the highest common divisor of 80 and o?
20
Suppose 45 = 4*d - 11. Let u be 8/10 + (-4602)/15. Let z = 460 + u. What is the greatest common divisor of z and d?
14
Let t = -2632 + 10519. What is the greatest common factor of 132 and t?
33
Let d(g) = 10*g**2 - 11*g - 135. Let m be d(8). What is the greatest common divisor of 2641 and m?
139
Suppose -2599 = 4*d - 18851. Calculate the greatest common divisor of d and 17.
17
Suppose -3*h - 232 = -5*h. Suppose 101*t - 96*t = 8*w + 2110, 0 = -4*t + 4*w + 1664. Calculate the highest common divisor of t and h.
58
Let c = 124 - 4. Let a = c + -109. What is the highest common factor of 88 and a?
11
Suppose -2*g = 4*g + 5*m - 1934, -4*m + 1611 = 5*g. Calculate the greatest common factor of 58 and g.
29
Let c(s) = 9*s**2 - 6*s + 5. Let j(f) = f - 5. Let l be j(0). Let i be c(l). Let x be (256/10 - 1) + (-156)/i. What is the greatest common divisor of 18 and x?
6
Suppose 3*v + 4*k - 356 = 0, 0 = 2*v - 3*v - 4*k + 108. What is the greatest common divisor of v and 2542?
62
Suppose -4*d + 930 = 3*j, -4*j + 4*d + 805 = -407. What is the greatest common divisor of j and 714?
102
Suppose 0 = -0*j + 7*j - 6*j - 8. Calculate the greatest common divisor of j and 404.
4
Let d(v) = -99*v - 199. Let s be d(-4). What is the greatest common factor of 3152 and s?
197
Let m = -12 + 22. Let p(r) = -m*r + r**2 + 0*r**2 + 2 - 22 + 7. Let k be p(12). Calculate the greatest common factor of k and 22.
11
Let m(b) = 65